.
463
What are the prime factors of (-270)/(-20)*(-2868)/(-27)?
2, 3, 239
Suppose -m = -2*f + 35, 0 = -5*f - m + 2 + 68. What are the prime factors of (-10)/f*6 - -442?
2, 3, 73
Let n be (48/(-30))/((-4)/(-80)). List the prime factors of (1/2)/((-6)/18)*n.
2, 3
Let x(r) = -4*r**3 - 15*r**2 + 25*r - 157. List the prime factors of x(-24).
7, 79, 83
Let h(y) = 245*y - 430. What are the prime factors of h(33)?
5, 1531
Suppose -567*x + 4*m - 19234 = -568*x, 0 = -5*x + m + 96275. What are the prime factors of x?
2, 3, 3209
Suppose -6*f = -8*f - 2*t + 6, -3*f - 4*t + 8 = 0. Suppose 4*x - 445 = 3*w + 591, -f*w = 16. List the prime factors of x.
2
Let i(x) = 3*x + 57. Let p be i(-18). Suppose 5*z + 139 = 5*g + 2049, -4*g = p*z - 1111. List the prime factors of z.
13, 29
Let v be (-1 - -2)/(0 + 1/4). Suppose 1732 = v*z - 736. What are the prime factors of z?
617
Let i = -60 + 64. Let z be (-2465)/10 - (-6)/i. Let n = 488 + z. List the prime factors of n.
3
Let b(z) = -51*z - 12. Let v(h) = 26*h + 5. Let r(w) = 6*b(w) + 13*v(w). Let d(u) = -32*u + 8. Let a(f) = -4*d(f) - 6*r(f). What are the prime factors of a(-4)?
2, 7, 19
Let x(n) = 170*n**2 + 7*n - 28. Let a be x(4). Suppose 60*h - a = 55*h. Suppose 78 = -q - 2*o + 266, 3*q - h = -o. What are the prime factors of q?
2, 3, 5
Suppose -19 = -8*s + 13. Suppose -y + 4*c + 1 - 19 = 0, -4*y - s*c + 28 = 0. List the prime factors of 2/(-4) + 427/y + -2.
211
Suppose -5*d + 15*g + 313428 = 11*g, 5*g = d - 62673. What are the prime factors of d?
2, 3, 653
Suppose -2*j - 117850 = -2*h, 219*j - 216*j = -3*h + 176745. List the prime factors of h.
2, 3, 5, 491
Let o(x) be the first derivative of 16*x**3/3 - x**2 - x + 41. Let v be o(3). Suppose -8*j + v + 1039 = 0. What are the prime factors of j?
3, 7
Let j(k) = k**2 - k + 16. Let g be 6/10*30/9. Let u be (1 - 1)*g/4. What are the prime factors of j(u)?
2
Let t be (-1 - 0) + 1 - (-1539 - 14). Suppose 4 + 0 = x, -s + t = 5*x. What are the prime factors of s?
3, 7, 73
Let i = -126 - -134. Suppose 13*p = i*p - 780. Let u = p + 243. List the prime factors of u.
3, 29
Suppose -31*p + 40*p = -144. List the prime factors of 520/p*52/(-10).
13
Suppose 3*z = -4*j + 168801, 3*j - 140956 + 14354 = -z. What are the prime factors of j?
3, 521
Suppose 0 = v + 2*k - 341, 3*v + k = 6*k + 968. Suppose -v - 663 = -2*f. List the prime factors of f.
7, 71
Let v(m) = 7*m - 38. Let b be v(11). Let h be (-878)/6 + 13/b. Let y = -25 - h. What are the prime factors of y?
11
Let q = 14536 + -10291. What are the prime factors of q?
3, 5, 283
Suppose -31*q = -99047 - 65315. Suppose 16280 = 18*o - q. What are the prime factors of o?
11, 109
Suppose -2*d + 7*d = 20. Suppose 7 = -q - 5*c, -q - q = c - d. Suppose 93 = q*s + 3*t - 75, -2*s + 2*t = -112. What are the prime factors of s?
2, 7
Let b(i) = 3*i**3 + i**2 - 8*i - 17. Let k be b(-5). Let n = k + 362. List the prime factors of n.
5, 7
Let j(x) = 2*x + 3. Let w be j(3). Let a(l) = -19 - 75*l + 42*l + 36*l. List the prime factors of a(w).
2
Suppose -16680 = -3*g + 4107. List the prime factors of g.
13, 41
Let p be 657/36 + 1/(-4). Suppose 4*t + p = -2. List the prime factors of 2/t - 422/(-5).
2, 3, 7
Let l(q) = 1111*q**3 - q**2 + 2*q - 2. Let a be l(1). Suppose 4*b = -5*o - 2774, 2*o - b + 3*b = -a. Let j = -362 - o. What are the prime factors of j?
2, 3
Let y(m) = 123*m**2 - 13*m + 3. Let a(k) = 61*k**2 - 6*k + 1. Let i(j) = 7*a(j) - 3*y(j). Let w be i(-1). Let h = w - 39. List the prime factors of h.
2, 5
Suppose 2547 = -17*p + 46*p - 4935. List the prime factors of p.
2, 3, 43
Let k(s) = -691*s + 11. Let z(r) = -692*r + 9. Let j(l) = -3*k(l) + 2*z(l). List the prime factors of j(1).
2, 337
Let d be 2*(-65)/(-10) - -1*3. Suppose 12*m = d*m - 124. Suppose 4*r - 161 = m. List the prime factors of r.
2, 3
Let t(x) be the third derivative of x**6/120 + x**5/4 + 7*x**4/24 + 8*x**3/3 + x**2 - 2. What are the prime factors of t(-6)?
2, 149
Let o = 19 + -9. Suppose o*s - 13*s = -2100. List the prime factors of s.
2, 5, 7
Let q = 2617 - 2443. Suppose 3*h + 28 = -107. Let r = h + q. What are the prime factors of r?
3, 43
Let q(d) = -13*d - 104. Let r be q(-25). Suppose -r = -13*v + 3549. List the prime factors of v.
2, 5, 29
Let f(g) = 2*g**3 - 24*g**2 + 9*g + 20. Let i be f(12). Let s = i + 29. Suppose -m + 3*a + s = 0, 5*m + a + 4*a = 885. List the prime factors of m.
2, 43
Suppose -22*c + 31700 = 9744. What are the prime factors of c?
2, 499
Suppose 4*n - 1051 = -243. Let v = n + -87. Let b = -48 + v. List the prime factors of b.
67
Suppose a + 154 = 5*v - 2209, 4*v - 4*a - 1900 = 0. Let c = v + -224. What are the prime factors of c?
2, 31
Let u(m) be the second derivative of 0 + 47*m**2 + 1/6*m**3 - 20*m. List the prime factors of u(0).
2, 47
Suppose -11*d = -2*d - 9. Let v = 243 - 527. What are the prime factors of -1 + (2/(-8))/(d/v)?
2, 5, 7
Suppose 16338 = -4*o + 139662. List the prime factors of o.
3, 43, 239
Let i(t) = -7 + t**2 + 36 + 8*t - 1. Let p(f) = f**2 + f - 10. Let s be p(2). List the prime factors of i(s).
2, 3
List the prime factors of -45 + 50 + (-11192)/(-1).
11197
Let z(h) = h**3 - 5*h**2 - 2*h + 14. Let s be z(5). Suppose 3*u + 41 = s*y, -u - 4*u = 3*y - 67. Let t = y + 152. List the prime factors of t.
2, 83
Let l(c) = 101*c**2 - 35*c + 77. List the prime factors of l(-9).
8573
Suppose 5*z = 6 + 4. Let u(a) = 2*a + a**z + 2*a - 8*a - 8 - a. What are the prime factors of u(9)?
2, 7
Suppose -2*l - 4*c = 0, -3*l - 7*c + 4 = -2*c. Suppose 6*m - 4*m - l = 0. Suppose -143 = -j - z, -2*j + m*j = -5*z + 271. What are the prime factors of j?
2, 37
Let g(l) = -2*l**3 + 67*l**2 - 17*l + 81. Let p be g(33). Suppose 5*w - 2078 - p = -4*k, -5*k + 15 = 0. List the prime factors of w.
5, 107
Let j = -7 + -14. Let y be (9 + j)*(-82)/8. Let v = -66 + y. List the prime factors of v.
3, 19
Let h be -3*(-30)/9 - 0. Suppose -h*z + 6*z + 548 = 0. Let c = z - 71. What are the prime factors of c?
2, 3, 11
Suppose -20*j + 22*j + 7598 = 4*a, -9520 = -5*a - 5*j. Suppose -16*n + a + 899 = 0. What are the prime factors of n?
5, 7
Let j(d) = 2*d - 13. Let h be j(9). Suppose -3*s = -4*n - 516, 4*s + h*n = -226 + 883. Let y = s - 22. What are the prime factors of y?
2, 73
Let l = 21 + -24. Let v be (6/l + 3)*5. Let f = v - -17. What are the prime factors of f?
2, 11
Let m = -13 - -19. What are the prime factors of m/(-14) + (-219)/(-21)?
2, 5
Let q(o) be the second derivative of 42*o + 6*o**2 - 5/12*o**4 + 1/20*o**5 + 0 - 1/6*o**3. What are the prime factors of q(6)?
2, 3, 7
Suppose -3 = 2*t + 3. Let u be 8398/(-10) + t/15. What are the prime factors of u/(-18) + 2/(-3)?
2, 23
What are the prime factors of 116 + -109 + (-7)/(-7) + 17*1727?
3, 13, 251
Suppose 2*v = -58*p + 63*p - 13695, -5*p + 13680 = v. Let n = -1777 + p. List the prime factors of n.
2, 3, 5
Let j(c) = 3*c**2 + 32*c - 30. Let w be j(-12). Let q(z) = -2*z + 10. Let d(g) = -g + 5. Let n(l) = -14*d(l) + 6*q(l). List the prime factors of n(w).
2, 13
What are the prime factors of 8/36 + 158/18 - -38617?
2, 7, 31, 89
Suppose 0 = w + q - 23751, -8*w + w + 3*q + 166207 = 0. List the prime factors of w.
2, 31, 383
Let z = -34 + 24. Let a = z - -13. Let p(k) = 3*k**2 + 8*k - 4. List the prime factors of p(a).
47
Let v = 76 + 19. Let m = v - -302. What are the prime factors of m?
397
Let h(z) = -328*z - 1373. List the prime factors of h(-6).
5, 7, 17
Suppose -n = -9*n + 16. What are the prime factors of ((-2)/n)/((-3397)/283 - -12)?
283
Suppose 2*m = 5*q - 83793, 6*q - 10*q + m + 67035 = 0. List the prime factors of q.
16759
Let x(f) = 4*f**3 + 8*f**2 - 11*f - 344. List the prime factors of x(15).
7, 2113
Suppose -7 = -4*y + 9, -3*p + 865 = y. Suppose 0 = 2*b - b + 191. Let m = b + p. List the prime factors of m.
2, 3
Suppose f - 4*o = -8, -3*o = 4*f - 2*o - 36. Suppose -3*s = s - f. Suppose -s*c + 3*h = -239, 0*c + 2*h = -3*c + 352. What are the prime factors of c?
2, 59
Let q(k) = -k**3 + 9*k**2 - 11*k + 4. Let p be ((-4)/(-10))/((-3)/15). Let i = p + 9. What are the prime factors of q(i)?
5
Let y(f) = 6*f**3 + 94*f**2 - 24*f - 43. What are the prime factors of y(-15)?
1217
Suppose -140*c = 157*c + 140*c - 24752117. What are the prime factors of c?
13, 4357
Let x(d) = 5*d + 3 + 324*d**2 + 318